he prime factors of 1150?
2, 5, 23
List the prime factors of 2100.
2, 3, 5, 7
List the prime factors of 3758.
2, 1879
List the prime factors of 2396.
2, 599
List the prime factors of 2588.
2, 647
What are the prime factors of 55468?
2, 7, 283
What are the prime factors of 3165?
3, 5, 211
What are the prime factors of 3961?
17, 233
What are the prime factors of 9632?
2, 7, 43
List the prime factors of 870.
2, 3, 5, 29
List the prime factors of 46718.
2, 7, 47, 71
List the prime factors of 1266.
2, 3, 211
List the prime factors of 88508.
2, 7, 29, 109
What are the prime factors of 11047?
11047
What are the prime factors of 2353?
13, 181
List the prime factors of 161960.
2, 5, 4049
What are the prime factors of 1329?
3, 443
What are the prime factors of 25069?
11, 43, 53
What are the prime factors of 1057?
7, 151
What are the prime factors of 6700?
2, 5, 67
What are the prime factors of 27823?
27823
List the prime factors of 1491.
3, 7, 71
What are the prime factors of 7725?
3, 5, 103
List the prime factors of 46187.
46187
List the prime factors of 2875.
5, 23
What are the prime factors of 2579?
2579
List the prime factors of 5511.
3, 11, 167
What are the prime factors of 15664?
2, 11, 89
What are the prime factors of 22520?
2, 5, 563
List the prime factors of 1997.
1997
List the prime factors of 10494.
2, 3, 11, 53
What are the prime factors of 17376?
2, 3, 181
List the prime factors of 28421.
97, 293
What are the prime factors of 802?
2, 401
List the prime factors of 48363.
3, 7, 47
What are the prime factors of 2481?
3, 827
What are the prime factors of 3117?
3, 1039
What are the prime factors of 6399?
3, 79
What are the prime factors of 9520?
2, 5, 7, 17
What are the prime factors of 9477?
3, 13
What are the prime factors of 517?
11, 47
List the prime factors of 1523.
1523
What are the prime factors of 53655?
3, 5, 7, 73
List the prime factors of 3678.
2, 3, 613
List the prime factors of 42378.
2, 3, 7, 1009
List the prime factors of 2897.
2897
What are the prime factors of 12362?
2, 7, 883
What are the prime factors of 2150?
2, 5, 43
What are the prime factors of 2655?
3, 5, 59
What are the prime factors of 1393?
7, 199
What are the prime factors of 1141?
7, 163
What are the prime factors of 39803?
53, 751
List the prime factors of 15881.
15881
List the prime factors of 28474.
2, 23, 619
What are the prime factors of 44030?
2, 5, 7, 17, 37
What are the prime factors of 1266?
2, 3, 211
List the prime factors of 72064.
2, 563
List the prime factors of 1176.
2, 3, 7
List the prime factors of 3893.
17, 229
What are the prime factors of 58238?
2, 37, 787
List the prime factors of 2074.
2, 17, 61
What are the prime factors of 13716?
2, 3, 127
What are the prime factors of 31802?
2, 15901
List the prime factors of 723.
3, 241
What are the prime factors of 3030?
2, 3, 5, 101
What are the prime factors of 4741?
11, 431
What are the prime factors of 6391?
7, 11, 83
List the prime factors of 4890.
2, 3, 5, 163
List the prime factors of 1218.
2, 3, 7, 29
List the prime factors of 1062.
2, 3, 59
List the prime factors of 117249.
3, 11, 17, 19
List the prime factors of 4493.
4493
List the prime factors of 32704.
2, 7, 73
List the prime factors of 3204.
2, 3, 89
What are the prime factors of 4674?
2, 3, 19, 41
List the prime factors of 3346.
2, 7, 239
What are the prime factors of 510?
2, 3, 5, 17
List the prime factors of 28.
2, 7
List the prime factors of 28498.
2, 14249
What are the prime factors of 2133?
3, 79
List the prime factors of 1797.
3, 599
List the prime factors of 16118.
2, 8059
List the prime factors of 209.
11, 19
List the prime factors of 10861.
10861
What are the prime factors of 20614?
2, 11, 937
List the prime factors of 3022.
2, 1511
What are the prime factors of 997?
997
List the prime factors of 33213.
3, 11071
List the prime factors of 25584.
2, 3, 13, 41
What are the prime factors of 15809?
15809
What are the prime factors of 4729?
4729
What are the prime factors of 1435?
5, 7, 41
What are the prime factors of 608?
2, 19
List the prime factors of 6774.
2, 3, 1129
List the prime factors of 11114.
2, 5557
What are the prime factors of 664?
2, 83
List the prime factors of 945.
3, 5, 7
List the prime factors of 3319.
3319
What are the prime factors of 10082?
2, 71
What are the prime factors of 9661?
9661
List the prime factors of 12260.
2, 5, 613
What are the prime factors of 253?
11, 23
List the prime factors of 15938.
2, 13, 613
What are the prime factors of 9682?
2, 47, 103
What are the prime factors of 6626?
2, 3313
What are the prime factors of 4502?
2, 2251
What are the prime factors of 2699?
2699
List the prime factors of 50493.
3, 16831
What are the prime factors of 856?
2, 107
List the prime factors of 1475.
5, 59
List the prime factors of 15007.
43, 349
List the prime factors of 1212.
2, 3, 101
What are the prime factors of 1979?
1979
List the prime factors of 11494.
2, 7, 821
What are the prime factors of 392?
2, 7
List the prime factors of 78392.
2, 41, 239
What are the prime factors of 10240?
2, 5
What are the prime factors of 3676?
2, 919
List the prime factors of 1459.
1459
List the prime factors of 26987.
26987
What are the prime factors of 59730?
2, 3, 5, 11, 181
List the prime factors of 41281.
41281
List the prime factors of 421.
421
What are the prime factors of 74820?
2, 3, 5, 29, 43
What are the prime factors of 354?
2, 3, 59
List the prime factors of 5614.
2, 7, 401
List the prime factors of 985.
5, 197
What are the prime factors of 20062?
2, 7, 1433
What are the prime factors of 19407?
3, 6469
List the prime factors of 5553.
3, 617
List the prime factors of 9992.
2, 1249
List the prime factors of 14367.
3, 4789
List the prime factors of 65806.
2, 13, 2531
List the prime factors of 3121.
3121
List the prime factors of 615.
3, 5, 41
List the prime factors of 4942.
2, 7, 353
List the prime factors of 552.
2, 3, 23
List the prime factors of 30112.
2, 941
List the prime factors of 579.
3, 193
List the prime factors of 2413.
19, 127
What are the prime factors of 66079?
13, 17, 23
List the prime factors of 36862.
2, 7, 2633
List the prime factors of 10172.
2, 2543
List the prime factors of 73.
73
What are the prime factors of 88962?
2, 3, 14827
What are the prime factors of 4128?
2, 3, 43
List the prime factors of 19844.
2, 11, 41
What are the prime factors of 13802?
2, 67, 103
List the prime factors of 25487.
7, 11, 331
What are the prime factors of 4272?
2, 3, 89
List the prime factors of 8826.
2, 3, 1471
List the prime factors of 1682.
2, 29
What are the prime factors of 22171?
22171
What are the prime factors of 42118?
2, 21059
List the prime factors of 351.
3, 13
List the prime factors of 3692.
2, 13, 71
List the prime factors of 5806.
2, 2903
List the prime factors of 11795.
5, 7, 337
What are the prime factors of 17447?
73, 239
List the prime factors of 3649.
41, 89
What are the prime factors of 4028?
2, 19, 53
What are the prime factors of 856?
2, 107
List the prime factors of 29999.
131, 229
List the prime factors of 737.
11, 67
What are the prime factors of 1134?
2, 3, 7
What are the prime factors of 15946?
2, 7, 17, 67
What are the prime factors of 78?
2, 3, 13
List the prime factors of 3787.
7, 541
What are the prime factors of 19910?
2, 5, 11, 181
What are the prime factors of 552?
2, 3, 23
List the prime factors of 847.
7, 11
What are the prime factors of 33?
3, 11
What are the prime factors of 9129?
3, 17, 179
List the prime factors of 1964.
2, 491
What are the prime factors of 5497?
23, 239
List the prime factors of 17657.
17657
What are the prime factors of 37609?
11, 13, 263
What are the prime factors of 23197?
23197
List the prime factors of 46.
2, 23
What are the prime factors of 4509?
3, 167
List the prime factors of 1809.
3, 67
What are the prime factors of 742?
2, 7, 53
What are the prime factors of 65?
5, 13
List the prime factors of 44323.
127, 349
What are the prime factors of 15475?
5, 619
List the prime factors of 5399.
5399
List the prime factors of 12384.
2, 3, 43
List the prime factors of 10357.
10357
What are the prime factors of 2137?
2137
List the prime factors of 71703.
3, 31, 257
List the prime factors of 55120.
2, 5, 13, 53
What are the prime factors of 2512?
2, 157
List the pr